ltiple of 398?
True
Does 451 divide 583385150?
False
Does 38 divide 46338509?
False
Is 31 a factor of 16537337?
False
Is 8 a factor of 554912750?
False
Is 194254556 a multiple of 1178?
True
Is 65837745 a multiple of 9?
True
Does 209 divide 9658517?
True
Is 223 a factor of 776499826?
True
Is 4796 a factor of 62778449?
False
Is 94274667 a multiple of 1088?
False
Is 95565550 a multiple of 226?
False
Does 1288 divide 940665040?
True
Is 4183971226 a multiple of 2485?
False
Is 173 a factor of 86823642?
False
Is 421296172 a multiple of 2935?
False
Is 243348610 a multiple of 2021?
True
Is 56549896 a multiple of 694?
True
Is 353104220 a multiple of 28?
True
Is 1686 a factor of 757529682?
False
Is 1011 a factor of 24931676?
False
Does 91 divide 5150852057?
False
Is 50 a factor of 7628000?
True
Is 24 a factor of 1604182?
False
Is 10 a factor of 150416296?
False
Is 1012 a factor of 80471975?
False
Does 531 divide 33786717?
False
Is 2641 a factor of 5104497757?
False
Is 744 a factor of 817145288?
False
Is 289450883 a multiple of 491?
True
Does 354 divide 950690364?
True
Does 1377 divide 3744063?
True
Does 8101 divide 2367900928?
False
Does 13425 divide 4958083096?
False
Does 15 divide 6139800?
True
Does 4 divide 44225140?
True
Does 4 divide 301267664?
True
Is 2974617958 a multiple of 3193?
True
Is 135 a factor of 409067820?
True
Is 27 a factor of 58756563?
True
Does 768 divide 1437475584?
True
Is 826 a factor of 397016074?
True
Does 641 divide 32434512?
False
Does 11710 divide 375528844?
False
Is 24129981 a multiple of 226?
False
Is 214638519 a multiple of 2063?
False
Does 13 divide 185923603?
False
Does 2923 divide 310258912?
True
Is 1480267248 a multiple of 34?
True
Is 2062626 a multiple of 28?
False
Is 1707718300 a multiple of 769?
True
Does 1261 divide 62070203?
True
Is 90205069 a multiple of 1779?
False
Does 837 divide 97501825?
False
Is 2239377 a multiple of 3?
True
Does 1083 divide 1909023594?
True
Is 189 a factor of 2709540477?
True
Is 43299484 a multiple of 50?
False
Does 11 divide 487783602?
False
Is 27643058 a multiple of 8?
False
Does 13 divide 151109561?
False
Is 170333410 a multiple of 2781?
False
Is 8125770 a multiple of 273?
False
Does 31 divide 81541873?
True
Is 8 a factor of 23726736?
True
Is 3 a factor of 319741975?
False
Is 477 a factor of 889128?
True
Is 107790689 a multiple of 65?
False
Is 156408561 a multiple of 815?
False
Is 16 a factor of 27484130?
False
Does 158 divide 359897614?
True
Is 3 a factor of 13451369?
False
Is 22 a factor of 33602228?
True
Does 521 divide 466420761?
False
Does 75 divide 725065458?
False
Is 1837290 a multiple of 378?
False
Is 37 a factor of 181746405?
True
Is 60 a factor of 12620652?
False
Is 5 a factor of 3524175?
True
Is 85 a factor of 648840814?
False
Is 334780 a multiple of 162?
False
Does 98 divide 658011886?
True
Is 639 a factor of 167618927?
False
Does 472 divide 9868104?
True
Is 2023239637 a multiple of 1274?
False
Does 9 divide 44004033?
True
Does 147 divide 456154818?
True
Is 61 a factor of 7567599?
True
Is 22440677 a multiple of 49?
True
Does 40 divide 18360240?
True
Does 61 divide 930311?
True
Is 239 a factor of 43965800?
False
Does 183 divide 15558660?
True
Is 87 a factor of 115620951?
False
Is 1260797694 a multiple of 2061?
False
Does 562 divide 18317269?
False
Is 588 a factor of 111567120?
True
Does 7721 divide 2937982389?
False
Is 2 a factor of 11719071?
False
Is 10194940 a multiple of 35?
True
Is 33984575 a multiple of 98?
False
Is 11465805 a multiple of 15?
True
Does 25 divide 8053750?
True
Is 7385 a factor of 808814291?
False
Does 20 divide 306150720?
True
Does 109 divide 57792334?
False
Does 1044 divide 168147684?
True
Does 904 divide 38940522?
False
Is 2102604438 a multiple of 66?
True
Does 704 divide 200759526?
False
Does 348 divide 26154020?
False
Does 71 divide 194567068?
False
Does 733 divide 1383171?
True
Does 96 divide 1948881056?
False
Does 74 divide 6172192?
True
Is 7407726 a multiple of 6?
True
Is 3875840 a multiple of 512?
True
Is 1589 a factor of 145571468?
True
Is 8 a factor of 22380064?
True
Does 502 divide 152261620?
True
Is 73459670 a multiple of 10?
True
Is 28 a factor of 201236140?
True
Is 3 a factor of 20334643?
False
Is 106092404 a multiple of 59?
False
Is 160282496 a multiple of 176?
True
Is 490 a factor of 11995999?
False
Does 500 divide 630188685?
False
Is 67 a factor of 282525550?
False
Is 61 a factor of 4596655?
True
Does 398 divide 77188545?
False
Is 76 a factor of 7229287?
False
Does 19 divide 397536054?
False
Does 388 divide 81310184?
False
Is 412453305 a multiple of 2081?
False
Is 10901471 a multiple of 6?
False
Does 79 divide 1577314?
True
Is 22 a factor of 228196628?
True
Is 2 a factor of 39330328?
True
Is 12012000 a multiple of 1716?
True
Does 346 divide 308384610?
True
Is 50780224 a multiple of 352?
True
Does 251 divide 641627284?
True
Is 10 a factor of 6233740?
True
Does 300 divide 1745639?
False
Is 205 a factor of 29568475?
False
Does 300 divide 44253842?
False
Does 15 divide 662573632?
False
Does 257 divide 41362608?
True
Is 227 a factor of 140095093?
True
Is 12062434 a multiple of 20?
False
Is 331010640 a multiple of 180?
True
Is 11445353 a multiple of 45?
False
Is 939551418 a multiple of 18?
True
Is 1405 a factor of 577482839?
False
Is 651052929 a multiple of 6801?
True
Is 355 a factor of 8749685?
True
Is 13360935 a multiple of 21?
True
Does 19 divide 1308583368?
False
Does 3101 divide 1978551617?
False
Is 1491 a factor of 343341516?
True
Does 2061 divide 22408121?
False
Does 143 divide 1241983031?
False
Is 3728577903 a multiple of 190?
False
Is 21722220 a multiple of 15?
True
Is 330 a factor of 28531206?
False
Is 22754442 a multiple of 831?
True
Is 32956706 a multiple of 19?
False
Does 5 divide 534169040?
True
Is 987230528 a multiple of 236?
False
Does 812 divide 1372537614?
False
Is 24 a factor of 19566515?
False
Is 128 a factor of 143971835?
False
Does 6835 divide 1745365095?
True
Is 205065829 a multiple of 2689?
True
Is 2826 a factor of 351124848?
True
Is 35 a factor of 6400436?
False
Does 16 divide 569827050?
False
Is 1391468438 a multiple of 122?
True
Is 33 a factor of 39392082?
False
Is 2335 a factor of 955192460?
True
Is 58 a factor of 6125206?
True
Does 87 divide 9696031?
False
Does 195 divide 793396500?
True
Is 150 a factor of 362808750?
True
Does 616 divide 2126432?
True
Is 6 a factor of 3649184?
False
Does 1169 divide 5404018?
False
Does 45 divide 40936095?
True
Is 245544130 a multiple of 62?
False
Is 62844440 a multiple of 3436?
True
Does 42 divide 52557372?
True
Is 11938990 a multiple of 35?
True
Is 323678574 a multiple of 19?
False
Is 134239854 a multiple of 357?
True
Is 216 a factor of 21957633?
False
Is 1896272864 a multiple of 230?
False
Is 124 a factor of 860047908?
False
Is 310014324 a multiple of 7284?
True
Does 7 divide 3673502?
True
Is 49186686 a multiple of 218?
True
Is 892283130 a multiple of 190?
True
Does 159 divide 4291108?
False
Does 214 divide 32848358?
True
Is 41 a factor of 43042128?
True
Does 431 divide 111634976?
False
Is 13934019 a multiple of 14?
False
Is 324654682 a multiple of 22?
True
Is 473062 a multiple of 2?
True
Does 292 divide 198924416?
True
Is 16 a factor of 103312528?
True
Is 147 a factor of 103591532?
False
Does 14 divide 4982474?
True
Does 9 divide 2137622?
False
Is 738 a factor of 30797857?
False
Is 14 a factor of 36022714?
True
Does 676 divide 54331472?
True
Is 16901864 a multiple of 56?
True
Does 219 divide 9345387?
True
Is 194536890 a multiple of 81?
True
Is 11875 a factor of 4952635660?
False
Is 773 a factor of 71379593?
True
Does 206 divide 24340342?
True
Is 983 a factor of 13515267?
True
Is 600199218 a multiple of 6?
True
Is 24914682 a multiple of 39?
True
Is 93 a factor of 21705040?
False
Does 795 divide 7990545?
True
Is 17709593 a multiple of 1182?
False
Is 748 a factor of 5956373?
False
Is 384027050 a multiple of 50?
True
Is 7 a factor of 17213154?
True
Does 3 divide 92823243?
True
Does 163 divide 1150825966?
True
Is 112525285 a multiple of 47?
True
Is 4 a factor of 61088979?
False
Does 257 divide 612285538?
True
Does 86 divide 104926794?
True
Is 22897948 a multiple of 682?
False
Does 195 divide 421479399?
False
Does 861 divide 25718188?
False
Does 235 divide 10303604?
False
Is 6179 a 